{"id":958,"date":"2022-03-08T17:36:19","date_gmt":"2022-03-08T16:36:19","guid":{"rendered":"https:\/\/jornadasgiussani.org\/?page_id=958"},"modified":"2022-03-08T17:37:04","modified_gmt":"2022-03-08T16:37:04","slug":"rafael-rubio","status":"publish","type":"page","link":"https:\/\/jornadasgiussani.org\/index.php\/rafael-rubio\/","title":{"rendered":"Rafael Rubio"},"content":{"rendered":"\n<p>Rafael Rubio N\u00fa\u00f1ez es Doctor en Derecho Constitucional por la Universidad Complutense de Madrid. Actualmente es Profesor Titular (acreditado como Catedr\u00e1tico) y director del Grupo de Investigaci\u00f3n sobre tecnolog\u00eda y democracia en la misma universidad. Forma parte del Consejo Editorial de varias revistas acad\u00e9micas y ha impartido clases de posgrado en m\u00e1s de 30 universidades.<br>Es Consejero de la Comisi\u00f3n de Transparencia y Participaci\u00f3n de la Comunidad de Madrid y miembro suplente de la Comisi\u00f3n Europea para la Democracia por el Derecho. Ha sido subdirector del Centro de Estudios Pol\u00edticos y Constitucionales (2017-2018) y miembro del Foro de Gobierno Abierto del Gobierno de Espa\u00f1a. Sus principales \u00e1reas de investigaci\u00f3n acad\u00e9mica son el derecho de la tecnolog\u00eda, la regulaci\u00f3n de los grupos de presi\u00f3n, la transparencia, los procesos de participaci\u00f3n pol\u00edtica, el derecho parlamentario, el derecho electoral, los procesos de transici\u00f3n y el desarrollo de instituciones democr\u00e1ticas en el contexto tecnol\u00f3gico.<\/p>\n","protected":false},"excerpt":{"rendered":"<p>Rafael Rubio N\u00fa\u00f1ez es Doctor en Derecho Constitucional por la Universidad Complutense de Madrid. Actualmente es Profesor Titular (acreditado como Catedr\u00e1tico) y director del Grupo de Investigaci\u00f3n sobre tecnolog\u00eda y democracia en la misma universidad. Forma parte del Consejo Editorial de varias revistas acad\u00e9micas y ha impartido clases de posgrado en m\u00e1s de 30 universidades.Es [&hellip;]<\/p>\n","protected":false},"author":2,"featured_media":953,"parent":0,"menu_order":0,"comment_status":"closed","ping_status":"closed","template":"","meta":{"footnotes":""},"class_list":["post-958","page","type-page","status-publish","has-post-thumbnail","hentry"],"_links":{"self":[{"href":"https:\/\/jornadasgiussani.org\/index.php\/wp-json\/wp\/v2\/pages\/958","targetHints":{"allow":["GET"]}}],"collection":[{"href":"https:\/\/jornadasgiussani.org\/index.php\/wp-json\/wp\/v2\/pages"}],"about":[{"href":"https:\/\/jornadasgiussani.org\/index.php\/wp-json\/wp\/v2\/types\/page"}],"author":[{"embeddable":true,"href":"https:\/\/jornadasgiussani.org\/index.php\/wp-json\/wp\/v2\/users\/2"}],"replies":[{"embeddable":true,"href":"https:\/\/jornadasgiussani.org\/index.php\/wp-json\/wp\/v2\/comments?post=958"}],"version-history":[{"count":1,"href":"https:\/\/jornadasgiussani.org\/index.php\/wp-json\/wp\/v2\/pages\/958\/revisions"}],"predecessor-version":[{"id":959,"href":"https:\/\/jornadasgiussani.org\/index.php\/wp-json\/wp\/v2\/pages\/958\/revisions\/959"}],"wp:featuredmedia":[{"embeddable":true,"href":"https:\/\/jornadasgiussani.org\/index.php\/wp-json\/wp\/v2\/media\/953"}],"wp:attachment":[{"href":"https:\/\/jornadasgiussani.org\/index.php\/wp-json\/wp\/v2\/media?parent=958"}],"curies":[{"name":"wp","href":"https:\/\/api.w.org\/{rel}","templated":true}]}}