{"id":9,"date":"2018-03-01T08:34:26","date_gmt":"2018-03-01T08:34:26","guid":{"rendered":"http:\/\/demo.acmethemes.com\/event-star\/?page_id=9"},"modified":"2021-11-26T10:17:06","modified_gmt":"2021-11-26T09:17:06","slug":"jornadas","status":"publish","type":"page","link":"https:\/\/jornadasgiussani.org\/index.php\/jornadas\/","title":{"rendered":"Luigi Giussani: El anuncio cristiano en la sociedad postsecular"},"content":{"rendered":"\n<p>Luigi Giussani (1922-2005) es conocido ante todo como fundador del movimiento eclesial Comuni\u00f3n y Liberaci\u00f3n. Pero m\u00e1s all\u00e1 de ese \u00e1mbito, su figura y su obra han ejercido una notable influencia sobre la Iglesia contempor\u00e1nea, llegando algunas de sus intuiciones y enfoques a ser recogidas por los \u00faltimos papas. Estas jornadas internacionales quieren profundizar en la importancia del pensamiento y la acci\u00f3n de Giussani para la Iglesia del \u00faltimo medio siglo, as\u00ed como identificar a partir de ello perspectivas prometedoras para el anuncio cristiano en el siglo XXI.<\/p>\n\n\n\n<blockquote class=\"wp-block-quote has-text-align-right is-layout-flow wp-block-quote-is-layout-flow\"><p>\u00abMons. Giussani es uno de esos dones imprevisibles que el Se\u00f1or ha regalado a nuestra Iglesia despu\u00e9s del Concilio, haciendo nacer, m\u00e1s all\u00e1 de todas las estructuras y programaciones pastorales, un florecimiento de personas y movimientos que est\u00e1n brindando milagros de vida nueva dentro de la Iglesia\u00bb <\/p><cite> Jorge Bergoglio <\/cite><\/blockquote>\n\n\n\n<p><\/p>\n","protected":false},"excerpt":{"rendered":"<p>Jornadas Internacionales de Estudio<\/p>\n<p>30 de enero &#8211; 1 de febrero 2020<br \/>\nUniversidad CEU San Pablo (Madrid)<\/p>\n","protected":false},"author":2,"featured_media":393,"parent":0,"menu_order":0,"comment_status":"closed","ping_status":"closed","template":"","meta":{"footnotes":""},"class_list":["post-9","page","type-page","status-publish","has-post-thumbnail","hentry"],"_links":{"self":[{"href":"https:\/\/jornadasgiussani.org\/index.php\/wp-json\/wp\/v2\/pages\/9","targetHints":{"allow":["GET"]}}],"collection":[{"href":"https:\/\/jornadasgiussani.org\/index.php\/wp-json\/wp\/v2\/pages"}],"about":[{"href":"https:\/\/jornadasgiussani.org\/index.php\/wp-json\/wp\/v2\/types\/page"}],"author":[{"embeddable":true,"href":"https:\/\/jornadasgiussani.org\/index.php\/wp-json\/wp\/v2\/users\/2"}],"replies":[{"embeddable":true,"href":"https:\/\/jornadasgiussani.org\/index.php\/wp-json\/wp\/v2\/comments?post=9"}],"version-history":[{"count":10,"href":"https:\/\/jornadasgiussani.org\/index.php\/wp-json\/wp\/v2\/pages\/9\/revisions"}],"predecessor-version":[{"id":865,"href":"https:\/\/jornadasgiussani.org\/index.php\/wp-json\/wp\/v2\/pages\/9\/revisions\/865"}],"wp:featuredmedia":[{"embeddable":true,"href":"https:\/\/jornadasgiussani.org\/index.php\/wp-json\/wp\/v2\/media\/393"}],"wp:attachment":[{"href":"https:\/\/jornadasgiussani.org\/index.php\/wp-json\/wp\/v2\/media?parent=9"}],"curies":[{"name":"wp","href":"https:\/\/api.w.org\/{rel}","templated":true}]}}

<p>Luigi Giussani (1922-2005) es conocido ante todo como fundador del movimiento eclesial Comunión y Liberación. Pero más allá de ese ámbito, su figura y su obra han ejercido una notable influencia sobre la Iglesia contemporánea, llegando algunas de sus intuiciones y enfoques a ser recogidas por los últimos papas. Estas jornadas internacionales quieren profundizar en la importancia del pensamiento y la acción de Giussani para la Iglesia del último medio siglo, así como identificar a partir de ello perspectivas prometedoras para el anuncio cristiano en el siglo XXI.</p>



<blockquote class="wp-block-quote has-text-align-right is-layout-flow wp-block-quote-is-layout-flow"><p>«Mons. Giussani es uno de esos dones imprevisibles que el Señor ha regalado a nuestra Iglesia después del Concilio, haciendo nacer, más allá de todas las estructuras y programaciones pastorales, un florecimiento de personas y movimientos que están brindando milagros de vida nueva dentro de la Iglesia» </p><cite> Jorge Bergoglio </cite></blockquote>



<p></p>
