{"id":880,"date":"2021-12-18T20:18:12","date_gmt":"2021-12-18T19:18:12","guid":{"rendered":"https:\/\/jornadasgiussani.org\/?page_id=880"},"modified":"2022-03-27T00:34:05","modified_gmt":"2022-03-26T23:34:05","slug":"massimo-camisasca","status":"publish","type":"page","link":"https:\/\/jornadasgiussani.org\/index.php\/massimo-camisasca\/","title":{"rendered":"Massimo Camisasca"},"content":{"rendered":"\n<p>Massimo Camisasca naci\u00f3 en Mil\u00e1n en 1946. En las aulas del Liceo cl\u00e1sico Berchet, acontece el encuentro que define la vida del joven Camisasca, el con el P. Giussani, quien fue su maestro de religi\u00f3n y de quien ya no se separar\u00eda. Sigui\u00f3 al sacerdote milan\u00e9s, participando en la Giovent\u00f9 Studentesca y convirti\u00e9ndose en uno de los responsables. Durante los a\u00f1os de universidad, se titular\u00e1 en filosof\u00eda en la Cat\u00f3lica de Mil\u00e1n.<br>Fue ordenado sacerdote en 1975. Profesor de Filosof\u00eda en varios institutos, en la Universidad Cat\u00f3lica de Mil\u00e1n y la Universidad Pontificia Lateranense en Roma. De 1993 a 1996 fue vicepresidente del Instituto Pontificio Juan Pablo II, dedicado a los Estudios sobre el Matrimonio y la Familia. Es el fundador de la Fraternidad Sacerdotal de los Misioneros de San Carlos Borromeo, y hasta 2012 fue su superior general. Ese mismo a\u00f1o fue nombrado obispo de Reggio Emilia. Desde este a\u00f1o, 2022, es obispo em\u00e9rito.<br>En italiano ha publicado varias decenas de libros, sus intereses se han enfocado en el ministerio sacerdotal, la paternidad, la historia de Comuni\u00f3n y Liberaci\u00f3n\u2026 En espa\u00f1ol Ediciones Encuentro ha traducido varias de sus obras.<\/p>\n","protected":false},"excerpt":{"rendered":"<p>Massimo Camisasca naci\u00f3 en Mil\u00e1n en 1946. En las aulas del Liceo cl\u00e1sico Berchet, acontece el encuentro que define la vida del joven Camisasca, el con el P. Giussani, quien fue su maestro de religi\u00f3n y de quien ya no se separar\u00eda. Sigui\u00f3 al sacerdote milan\u00e9s, participando en la Giovent\u00f9 Studentesca y convirti\u00e9ndose en uno [&hellip;]<\/p>\n","protected":false},"author":2,"featured_media":956,"parent":0,"menu_order":0,"comment_status":"closed","ping_status":"closed","template":"","meta":{"footnotes":""},"class_list":["post-880","page","type-page","status-publish","has-post-thumbnail","hentry"],"_links":{"self":[{"href":"https:\/\/jornadasgiussani.org\/index.php\/wp-json\/wp\/v2\/pages\/880","targetHints":{"allow":["GET"]}}],"collection":[{"href":"https:\/\/jornadasgiussani.org\/index.php\/wp-json\/wp\/v2\/pages"}],"about":[{"href":"https:\/\/jornadasgiussani.org\/index.php\/wp-json\/wp\/v2\/types\/page"}],"author":[{"embeddable":true,"href":"https:\/\/jornadasgiussani.org\/index.php\/wp-json\/wp\/v2\/users\/2"}],"replies":[{"embeddable":true,"href":"https:\/\/jornadasgiussani.org\/index.php\/wp-json\/wp\/v2\/comments?post=880"}],"version-history":[{"count":3,"href":"https:\/\/jornadasgiussani.org\/index.php\/wp-json\/wp\/v2\/pages\/880\/revisions"}],"predecessor-version":[{"id":992,"href":"https:\/\/jornadasgiussani.org\/index.php\/wp-json\/wp\/v2\/pages\/880\/revisions\/992"}],"wp:featuredmedia":[{"embeddable":true,"href":"https:\/\/jornadasgiussani.org\/index.php\/wp-json\/wp\/v2\/media\/956"}],"wp:attachment":[{"href":"https:\/\/jornadasgiussani.org\/index.php\/wp-json\/wp\/v2\/media?parent=880"}],"curies":[{"name":"wp","href":"https:\/\/api.w.org\/{rel}","templated":true}]}}