{"id":783,"date":"2021-10-19T10:16:54","date_gmt":"2021-10-19T08:16:54","guid":{"rendered":"https:\/\/jornadasgiussani.org\/?page_id=783"},"modified":"2022-04-24T12:49:31","modified_gmt":"2022-04-24T10:49:31","slug":"viernes-28-de-enero-de-2022-2","status":"publish","type":"page","link":"https:\/\/jornadasgiussani.org\/index.php\/viernes-28-de-enero-de-2022-2\/","title":{"rendered":"Viernes 1 de abril de 2022"},"content":{"rendered":"\n<h3 class=\"wp-block-heading\">Ma\u00f1ana<\/h3>\n\n\n\n<p id=\"block-b5163dd6-32bd-454f-be42-944425c9d865\"><strong>11.00<\/strong> San Juan Pablo II y Giussani<\/p>\n\n\n\n<ul class=\"wp-block-list\" id=\"block-1ed0b89f-3af8-4d31-babc-3a684d250bff\"><li>D. <strong><a href=\"https:\/\/jornadasgiussani.org\/index.php\/alberto-frigerio\/\" data-type=\"page\" data-id=\"967\">Alberto Frigerio<\/a><\/strong>, profesor de Bio\u00e9tica del Instituto Superior de Ciencias Religiosas de Mil\u00e1n&nbsp;<\/li><li><em>Presenta: D. <strong>Gabriel Richi Alberti<\/strong>, decano de la Facultad de Teolog\u00eda de la Universidad Eclesi\u00e1stica San D\u00e1maso<\/em><\/li><\/ul>\n\n\n\n<figure class=\"wp-block-embed is-type-video is-provider-youtube wp-block-embed-youtube wp-embed-aspect-16-9 wp-has-aspect-ratio\"><div class=\"wp-block-embed__wrapper\">\n<iframe loading=\"lazy\" title=\"San Juan Pablo II y Giussani\" width=\"640\" height=\"360\" src=\"https:\/\/www.youtube.com\/embed\/jz1FvDDonUk?feature=oembed\" frameborder=\"0\" allow=\"accelerometer; autoplay; clipboard-write; encrypted-media; gyroscope; picture-in-picture; web-share\" referrerpolicy=\"strict-origin-when-cross-origin\" allowfullscreen><\/iframe>\n<\/div><\/figure>\n\n\n\n<p id=\"block-8871fa49-8852-478a-bd9d-da442afcf6b1\"><strong>12.30<\/strong> Pausa caf\u00e9<\/p>\n\n\n\n<p id=\"block-056a18bf-a4f6-4d0d-89dc-212de9cbf5a8\"><strong>13.00 <\/strong>Sesi\u00f3n de comunicaciones<\/p>\n\n\n\n<ul class=\"wp-block-list\"><li>La emergencia educativa y la transformaci\u00f3n del sujeto: una propuesta a partir de Luigi Giussani y el magisterio de los \u00faltimos Papas<ul><li>D. <strong>Marcelo L\u00f3pez Cambronero<\/strong>, profesor de la Universidad Francisco de Vitoria<\/li><\/ul><\/li><li>La libertad, capacidad de alcanzar el destino<ul><li>D. <strong>Pablo L\u00f3pez Mart\u00edn<\/strong>, Universidad CEU San Pablo<\/li><\/ul><\/li><li>La l\u00f3gica del asombro en el conocimiento cient\u00edfico, a la luz de la visi\u00f3n ontol\u00f3gica y epistemol\u00f3gica de Luigi Giussani<ul><li>D\u00aa. <strong>Guiomar Ruiz<\/strong>, Universidad Polit\u00e9cnica de Madrid<\/li><li>D. <strong>Giovanni Maddalena<\/strong>, Universit\u00e0 degli Studi di Molise<\/li><\/ul><\/li><li>Don Giussani y Plat\u00f3n, (y Benedicto XVI)<ul><li>D\u00aa. <strong>Mar\u00eda Victoria G\u00f3mez Alfeo<\/strong>, Universidad Complutense de Madrid<\/li><li>D. <strong>Fernando Garc\u00eda Rodr\u00edguez<\/strong>, Universidad Complutense de Madrid<\/li><\/ul><\/li><li>Giussani y Capograssi<ul><li>D\u00aa. <strong>Ana Llano Torres<\/strong>, Universidad Complutense de Madrid<\/li><\/ul><\/li><li><em>Presenta: D. <strong>Juan Serrano Vicente<\/strong>, profesor de la Universidad Francisco de Vitoria<\/em><\/li><\/ul>\n\n\n\n<figure class=\"wp-block-embed is-type-video is-provider-youtube wp-block-embed-youtube wp-embed-aspect-16-9 wp-has-aspect-ratio\"><div class=\"wp-block-embed__wrapper\">\n<iframe loading=\"lazy\" title=\"Comunicaciones Jornadas Giussani 2022\" width=\"640\" height=\"360\" src=\"https:\/\/www.youtube.com\/embed\/u36yxlzDytc?feature=oembed\" frameborder=\"0\" allow=\"accelerometer; autoplay; clipboard-write; encrypted-media; gyroscope; picture-in-picture; web-share\" referrerpolicy=\"strict-origin-when-cross-origin\" allowfullscreen><\/iframe>\n<\/div><\/figure>\n\n\n\n<h3 class=\"wp-block-heading\">Tarde<\/h3>\n\n\n\n<p><strong>17.30<\/strong> Mesa redonda sobre Iglesia y sociedad desde el Concilio hasta hoy<\/p>\n\n\n\n<ul class=\"wp-block-list\"><li>D. <strong><a href=\"https:\/\/jornadasgiussani.org\/index.php\/ricardo-calleja\/\" data-type=\"page\" data-id=\"948\">Ricardo Calleja Rovira<\/a><\/strong>, profesor de \u00c9tica de IESE Business School<\/li><li>D. <strong><a href=\"https:\/\/jornadasgiussani.org\/index.php\/rafael-rubio\/\" data-type=\"page\" data-id=\"958\">Rafael Rubio N\u00fa\u00f1ez<\/a><\/strong>, profesor de Derecho Constitucional de la Universidad Complutense de Madrid<\/li><li>D. <strong><a href=\"https:\/\/jornadasgiussani.org\/index.php\/david-blazquez\/\" data-type=\"page\" data-id=\"960\">David Bl\u00e1zquez Vilar<\/a><\/strong>, miembro del Consejo Acad\u00e9mico de Ethosfera<\/li><li><em>Modera: D\u00aa. <strong>Mar\u00eda Solano Altaba<\/strong>, decana de la Facultad de Humanidades y Comunicaci\u00f3n, Universidad CEU San Pablo<\/em> <\/li><\/ul>\n\n\n\n<figure class=\"wp-block-embed is-type-video is-provider-youtube wp-block-embed-youtube wp-embed-aspect-16-9 wp-has-aspect-ratio\"><div class=\"wp-block-embed__wrapper\">\n<iframe loading=\"lazy\" title=\"Iglesia y sociedad desde el Concilio hasta hoy (mesa redonda)\" width=\"640\" height=\"360\" src=\"https:\/\/www.youtube.com\/embed\/4eOA3cNM2xg?feature=oembed\" frameborder=\"0\" allow=\"accelerometer; autoplay; clipboard-write; encrypted-media; gyroscope; picture-in-picture; web-share\" referrerpolicy=\"strict-origin-when-cross-origin\" allowfullscreen><\/iframe>\n<\/div><\/figure>\n\n\n\n<p><strong>19.00<\/strong> Benedicto XVI y Giussani<\/p>\n\n\n\n<ul class=\"wp-block-list\"><li>D. <strong><a href=\"https:\/\/jornadasgiussani.org\/index.php\/juan-miguel-prim\/\" data-type=\"page\" data-id=\"964\">Juan Miguel Prim Goicoechea<\/a><\/strong>, Vicario de cultura, evangelizaci\u00f3n y comunicaci\u00f3n de la Di\u00f3cesis de Alcal\u00e1<\/li><li><em>Presenta: D\u00aa. <strong>Helena Faccia Serrano<\/strong>, traductora<\/em><\/li><\/ul>\n\n\n\n<figure class=\"wp-block-embed is-type-video is-provider-youtube wp-block-embed-youtube wp-embed-aspect-16-9 wp-has-aspect-ratio\"><div class=\"wp-block-embed__wrapper\">\n<iframe loading=\"lazy\" title=\"Benedicto XVI y Giussani (Juan Miguel Prim)\" width=\"640\" height=\"360\" src=\"https:\/\/www.youtube.com\/embed\/q68QdW7HVTg?feature=oembed\" frameborder=\"0\" allow=\"accelerometer; autoplay; clipboard-write; encrypted-media; gyroscope; picture-in-picture; web-share\" referrerpolicy=\"strict-origin-when-cross-origin\" allowfullscreen><\/iframe>\n<\/div><\/figure>\n\n\n\n<hr class=\"wp-block-separator\" id=\"block-3e9e9ad8-d5e7-412b-8f84-9d636f1ae637\"\/>\n\n\n\n<p><\/p>\n","protected":false},"excerpt":{"rendered":"<p><strong>11.00 San Juan Pablo II y Giussani<\/strong><\/p>\n<ul style=\"list-style-type:circle;line-height:60%\">\n<li>D. <a href=https:\/\/jornadasgiussani.org\/index.php\/alberto-frigerio\/>Alberto Frigerio<\/a><\/li>\n<li><em>D. Gabriel Richi (presentador)<\/em><\/li>\n<\/ul>\n<p><\/br><\/p>\n<p><strong>12.30<\/strong> Pausa caf\u00e9<\/p>\n<p><\/br><\/p>\n<p><strong>13.00 Sesi\u00f3n de comunicaciones<\/strong><\/p>\n<ul style=\"list-style-type:circle;line-height:60%\">\n<li><em>D. Juan Serrano Vicente (presentador)<\/em><\/li>\n<\/ul>\n<p><\/br><\/p>\n<p><strong>17.30 Iglesia y sociedad desde el Concilio hasta hoy<\/strong> (mesa redonda)<\/p>\n<ul style=\"list-style-type:circle;line-height:60%\">\n<li>D. <a href=https:\/\/jornadasgiussani.org\/index.php\/ricardo-calleja\/>Ricardo Calleja<\/a><\/li>\n<li>D. <a href=https:\/\/jornadasgiussani.org\/index.php\/rafael-rubio\/>Rafael Rubio<\/a><\/li>\n<li>D. <a href=https:\/\/jornadasgiussani.org\/index.php\/david-blazquez\/>David Bl\u00e1zquez<\/a><\/li>\n<li><em>D\u00aa. Mar\u00eda Solano (moderadora)<\/em> <\/li>\n<\/ul>\n<p><\/br><\/p>\n<p><strong>19.00 Benedicto XVI y Giussani<\/strong><\/p>\n<ul style=\"list-style-type:circle;line-height:60%\">\n<li>D. <a href=https:\/\/jornadasgiussani.org\/index.php\/juan-miguel-prim\/>Juan Miguel Prim<\/a><\/li>\n<li><em>D\u00aa. Helena Faccia (presentadora)<\/em><\/li>\n<\/ul>\n","protected":false},"author":2,"featured_media":0,"parent":0,"menu_order":0,"comment_status":"closed","ping_status":"closed","template":"","meta":{"footnotes":""},"class_list":["post-783","page","type-page","status-publish","hentry"],"_links":{"self":[{"href":"https:\/\/jornadasgiussani.org\/index.php\/wp-json\/wp\/v2\/pages\/783","targetHints":{"allow":["GET"]}}],"collection":[{"href":"https:\/\/jornadasgiussani.org\/index.php\/wp-json\/wp\/v2\/pages"}],"about":[{"href":"https:\/\/jornadasgiussani.org\/index.php\/wp-json\/wp\/v2\/types\/page"}],"author":[{"embeddable":true,"href":"https:\/\/jornadasgiussani.org\/index.php\/wp-json\/wp\/v2\/users\/2"}],"replies":[{"embeddable":true,"href":"https:\/\/jornadasgiussani.org\/index.php\/wp-json\/wp\/v2\/comments?post=783"}],"version-history":[{"count":29,"href":"https:\/\/jornadasgiussani.org\/index.php\/wp-json\/wp\/v2\/pages\/783\/revisions"}],"predecessor-version":[{"id":1003,"href":"https:\/\/jornadasgiussani.org\/index.php\/wp-json\/wp\/v2\/pages\/783\/revisions\/1003"}],"wp:attachment":[{"href":"https:\/\/jornadasgiussani.org\/index.php\/wp-json\/wp\/v2\/media?parent=783"}],"curies":[{"name":"wp","href":"https:\/\/api.w.org\/{rel}","templated":true}]}}