{"id":559,"date":"2019-12-01T10:13:37","date_gmt":"2019-12-01T09:13:37","guid":{"rendered":"https:\/\/jornadasgiussani.org\/?page_id=559"},"modified":"2019-12-01T13:39:34","modified_gmt":"2019-12-01T12:39:34","slug":"davide-rondoni","status":"publish","type":"page","link":"https:\/\/jornadasgiussani.org\/index.php\/davide-rondoni\/","title":{"rendered":"Davide Rondoni"},"content":{"rendered":"\n<div style=\"height:20px\" aria-hidden=\"true\" class=\"wp-block-spacer\"><\/div>\n\n\n\n<p>Davide Rondoni (Forl\u00ec, Italia, 1964), poeta y escritor, ha publicado varias obras de poes\u00eda con los cuales ha ganado algunos entre los mejores premios de poes\u00eda en Italia. Ha sido traducido a varios idiomas en vol\u00famenes y revistas. Colabora en programas de poes\u00eda en la radio y en la televisi\u00f3n y como editorialista para algunos peri\u00f3dicos. Ha fundado el Centro di poes\u00eda contempor\u00e1nea de la Universit\u00e0 di Bologna y la revista \u00abclanDestino\u00bb. Dirige la colecci\u00f3n \u201cI Passatori \u2013 Contrabbando di poes\u00eda\u201d por Carta Canta. Es autor de teatro y de traducciones (Baudelaire, Rimbaud, P\u00e9guy entre otros). Ha participado en festivales internacionales de poes\u00eda en muchos pa\u00edses y publicado varias novelas. Es editor de muchas antolog\u00edas po\u00e9ticas e imparte cursos de poes\u00eda y en el master de traducci\u00f3n, tambi\u00e9n ha colaborado en el guion de la pel\u00edcula <em>Il vegetale<\/em>.<\/p>\n","protected":false},"excerpt":{"rendered":"<p>Davide Rondoni (Forl\u00ec, Italia, 1964), poeta y escritor, ha publicado varias obras de poes\u00eda con los cuales ha ganado algunos entre los mejores premios de poes\u00eda en Italia. Ha sido traducido a varios idiomas en vol\u00famenes y revistas. Colabora en programas de poes\u00eda en la radio y en la televisi\u00f3n y como editorialista para algunos [&hellip;]<\/p>\n","protected":false},"author":2,"featured_media":584,"parent":0,"menu_order":0,"comment_status":"closed","ping_status":"closed","template":"","meta":{"footnotes":""},"class_list":["post-559","page","type-page","status-publish","has-post-thumbnail","hentry"],"_links":{"self":[{"href":"https:\/\/jornadasgiussani.org\/index.php\/wp-json\/wp\/v2\/pages\/559","targetHints":{"allow":["GET"]}}],"collection":[{"href":"https:\/\/jornadasgiussani.org\/index.php\/wp-json\/wp\/v2\/pages"}],"about":[{"href":"https:\/\/jornadasgiussani.org\/index.php\/wp-json\/wp\/v2\/types\/page"}],"author":[{"embeddable":true,"href":"https:\/\/jornadasgiussani.org\/index.php\/wp-json\/wp\/v2\/users\/2"}],"replies":[{"embeddable":true,"href":"https:\/\/jornadasgiussani.org\/index.php\/wp-json\/wp\/v2\/comments?post=559"}],"version-history":[{"count":1,"href":"https:\/\/jornadasgiussani.org\/index.php\/wp-json\/wp\/v2\/pages\/559\/revisions"}],"predecessor-version":[{"id":561,"href":"https:\/\/jornadasgiussani.org\/index.php\/wp-json\/wp\/v2\/pages\/559\/revisions\/561"}],"wp:featuredmedia":[{"embeddable":true,"href":"https:\/\/jornadasgiussani.org\/index.php\/wp-json\/wp\/v2\/media\/584"}],"wp:attachment":[{"href":"https:\/\/jornadasgiussani.org\/index.php\/wp-json\/wp\/v2\/media?parent=559"}],"curies":[{"name":"wp","href":"https:\/\/api.w.org\/{rel}","templated":true}]}}