{"id":552,"date":"2019-12-01T10:07:21","date_gmt":"2019-12-01T09:07:21","guid":{"rendered":"https:\/\/jornadasgiussani.org\/?page_id=552"},"modified":"2019-12-01T13:44:45","modified_gmt":"2019-12-01T12:44:45","slug":"luis-arguello","status":"publish","type":"page","link":"https:\/\/jornadasgiussani.org\/index.php\/luis-arguello\/","title":{"rendered":"Luis Arg\u00fcello"},"content":{"rendered":"\n<div style=\"height:20px\" aria-hidden=\"true\" class=\"wp-block-spacer\"><\/div>\n\n\n\n<p>Luis Javier Arg\u00fcello Garc\u00eda (Meneses de Campos, Palencia, 1953) es ordenado sacerdote en 1986. En 2016, el papa Francisco le nombr\u00f3 obispo auxiliar de la archidi\u00f3cesis de Valladolid y titular de Ipagro. Actualmente es, adem\u00e1s de obispo auxiliar (2016), Vicario General y Moderador de la Curia diocesana de Valladolid (desde 2011), Miembro del Colegio de Consultores (2000), Miembro de la Comisi\u00f3n Permanente del Consejo Presbiteral (2010), Miembro del Consejo de Asuntos Econ\u00f3micos (2011), Miembro del Consejo Episcopal (2011), Miembro de la Comisi\u00f3n Permanente del Consejo Pastoral (2013) y Miembro de la Comisi\u00f3n para el Diaconado Permanente (2014).<br>En la Comisi\u00f3n Episcopal Espa\u00f1ola (CEE) es miembro de la Comisi\u00f3n Episcopal de Pastoral y de la Comisi\u00f3n Episcopal de Seminarios y Universidades desde 2017. La Asamblea Plenaria de la CEE le eligi\u00f3 el 21 de noviembre de 2018 como secretario general. <\/p>\n","protected":false},"excerpt":{"rendered":"<p>Luis Javier Arg\u00fcello Garc\u00eda (Meneses de Campos, Palencia, 1953) es ordenado sacerdote en 1986. En 2016, el papa Francisco le nombr\u00f3 obispo auxiliar de la archidi\u00f3cesis de Valladolid y titular de Ipagro. Actualmente es, adem\u00e1s de obispo auxiliar (2016), Vicario General y Moderador de la Curia diocesana de Valladolid (desde 2011), Miembro del Colegio de [&hellip;]<\/p>\n","protected":false},"author":2,"featured_media":585,"parent":0,"menu_order":0,"comment_status":"closed","ping_status":"closed","template":"","meta":{"footnotes":""},"class_list":["post-552","page","type-page","status-publish","has-post-thumbnail","hentry"],"_links":{"self":[{"href":"https:\/\/jornadasgiussani.org\/index.php\/wp-json\/wp\/v2\/pages\/552","targetHints":{"allow":["GET"]}}],"collection":[{"href":"https:\/\/jornadasgiussani.org\/index.php\/wp-json\/wp\/v2\/pages"}],"about":[{"href":"https:\/\/jornadasgiussani.org\/index.php\/wp-json\/wp\/v2\/types\/page"}],"author":[{"embeddable":true,"href":"https:\/\/jornadasgiussani.org\/index.php\/wp-json\/wp\/v2\/users\/2"}],"replies":[{"embeddable":true,"href":"https:\/\/jornadasgiussani.org\/index.php\/wp-json\/wp\/v2\/comments?post=552"}],"version-history":[{"count":1,"href":"https:\/\/jornadasgiussani.org\/index.php\/wp-json\/wp\/v2\/pages\/552\/revisions"}],"predecessor-version":[{"id":554,"href":"https:\/\/jornadasgiussani.org\/index.php\/wp-json\/wp\/v2\/pages\/552\/revisions\/554"}],"wp:featuredmedia":[{"embeddable":true,"href":"https:\/\/jornadasgiussani.org\/index.php\/wp-json\/wp\/v2\/media\/585"}],"wp:attachment":[{"href":"https:\/\/jornadasgiussani.org\/index.php\/wp-json\/wp\/v2\/media?parent=552"}],"curies":[{"name":"wp","href":"https:\/\/api.w.org\/{rel}","templated":true}]}}

Luis Argüello

<div style="height:20px" aria-hidden="true" class="wp-block-spacer"></div>



<p>Luis Javier Argüello García (Meneses de Campos, Palencia, 1953) es ordenado sacerdote en 1986. En 2016, el papa Francisco le nombró obispo auxiliar de la archidiócesis de Valladolid y titular de Ipagro. Actualmente es, además de obispo auxiliar (2016), Vicario General y Moderador de la Curia diocesana de Valladolid (desde 2011), Miembro del Colegio de Consultores (2000), Miembro de la Comisión Permanente del Consejo Presbiteral (2010), Miembro del Consejo de Asuntos Económicos (2011), Miembro del Consejo Episcopal (2011), Miembro de la Comisión Permanente del Consejo Pastoral (2013) y Miembro de la Comisión para el Diaconado Permanente (2014).<br>En la Comisión Episcopal Española (CEE) es miembro de la Comisión Episcopal de Pastoral y de la Comisión Episcopal de Seminarios y Universidades desde 2017. La Asamblea Plenaria de la CEE le eligió el 21 de noviembre de 2018 como secretario general. </p>

<p>Luis Javier Argüello García (Meneses de Campos, Palencia, 1953) es ordenado sacerdote en 1986. En 2016, el papa Francisco le nombró obispo auxiliar de la archidiócesis de Valladolid y titular de Ipagro. Actualmente es, además de obispo auxiliar (2016), Vicario General y Moderador de la Curia diocesana de Valladolid (desde 2011), Miembro del Colegio de [&hellip;]</p>
