{"id":542,"date":"2019-12-01T09:49:47","date_gmt":"2019-12-01T08:49:47","guid":{"rendered":"https:\/\/jornadasgiussani.org\/?page_id=542"},"modified":"2021-10-19T08:54:47","modified_gmt":"2021-10-19T06:54:47","slug":"angel-barahona","status":"publish","type":"page","link":"https:\/\/jornadasgiussani.org\/index.php\/angel-barahona\/","title":{"rendered":"\u00c1ngel Barahona"},"content":{"rendered":"\n<div style=\"height:20px\" aria-hidden=\"true\" class=\"wp-block-spacer\"><\/div>\n\n\n\n<p>\u00c1ngel Jorge Barahona Plaza nace en 1957 en un pueblo de Salamanca del que su padre era el maestro. Su vida universitaria la desarroll\u00f3 en Valencia y la continu\u00f3 en Madrid en donde vive actualmente. Es doctor en Filosof\u00eda por la Universidad Complutense. Est\u00e1 casado y tiene cuatro hijos. Actualmente trabaja como Director de Humanidades de la Universidad Francisco de Vitoria. Es tambi\u00e9n profesor en la facultad de Filosof\u00eda de la Universidad San D\u00e1maso y en la Unviersidad CEU San Pablo. Asimismo es profesor itinerante de la Facultad de Teolog\u00eda \u00abR.M. Juan Pablo II\u00bb del Callao (Per\u00fa), del&nbsp;Catholic Center of Theological Studies Diego Luis San Vitores&nbsp;de Guam (EE.UU.), y de los seminarios Redemptoris Mater de Takamatsu (Jap\u00f3n), Sidney (Australia), Managua (Nicaragua) y Brasilia (Brasil).<\/p>\n","protected":false},"excerpt":{"rendered":"<p>\u00c1ngel Jorge Barahona Plaza nace en 1957 en un pueblo de Salamanca del que su padre era el maestro. Su vida universitaria la desarroll\u00f3 en Valencia y la continu\u00f3 en Madrid en donde vive actualmente. Es doctor en Filosof\u00eda por la Universidad Complutense. Est\u00e1 casado y tiene cuatro hijos. Actualmente trabaja como Director de Humanidades [&hellip;]<\/p>\n","protected":false},"author":2,"featured_media":582,"parent":0,"menu_order":0,"comment_status":"closed","ping_status":"closed","template":"","meta":{"footnotes":""},"class_list":["post-542","page","type-page","status-publish","has-post-thumbnail","hentry"],"_links":{"self":[{"href":"https:\/\/jornadasgiussani.org\/index.php\/wp-json\/wp\/v2\/pages\/542","targetHints":{"allow":["GET"]}}],"collection":[{"href":"https:\/\/jornadasgiussani.org\/index.php\/wp-json\/wp\/v2\/pages"}],"about":[{"href":"https:\/\/jornadasgiussani.org\/index.php\/wp-json\/wp\/v2\/types\/page"}],"author":[{"embeddable":true,"href":"https:\/\/jornadasgiussani.org\/index.php\/wp-json\/wp\/v2\/users\/2"}],"replies":[{"embeddable":true,"href":"https:\/\/jornadasgiussani.org\/index.php\/wp-json\/wp\/v2\/comments?post=542"}],"version-history":[{"count":6,"href":"https:\/\/jornadasgiussani.org\/index.php\/wp-json\/wp\/v2\/pages\/542\/revisions"}],"predecessor-version":[{"id":748,"href":"https:\/\/jornadasgiussani.org\/index.php\/wp-json\/wp\/v2\/pages\/542\/revisions\/748"}],"wp:featuredmedia":[{"embeddable":true,"href":"https:\/\/jornadasgiussani.org\/index.php\/wp-json\/wp\/v2\/media\/582"}],"wp:attachment":[{"href":"https:\/\/jornadasgiussani.org\/index.php\/wp-json\/wp\/v2\/media?parent=542"}],"curies":[{"name":"wp","href":"https:\/\/api.w.org\/{rel}","templated":true}]}}