{"id":470,"date":"2019-10-23T18:46:29","date_gmt":"2019-10-23T16:46:29","guid":{"rendered":"https:\/\/jornadasgiussani.org\/?page_id=470"},"modified":"2022-01-12T12:01:04","modified_gmt":"2022-01-12T11:01:04","slug":"jornadas-internacionales-de-estudio","status":"publish","type":"page","link":"https:\/\/jornadasgiussani.org\/index.php\/jornadas-internacionales-de-estudio\/","title":{"rendered":"Jornadas Internacionales de Estudio"},"content":{"rendered":"\n<figure class=\"wp-block-pullquote\"><blockquote><p>AVISO<\/p><cite>Debido a la situaci\u00f3n sanitaria, las jornadas se posponen al 31 de marzo &#8211; 2 de abril de 2022<\/cite><\/blockquote><\/figure>\n\n\n\n<p>Las II Jornadas internacionales de estudio sobre Luigi Giussani se celebrar\u00e1n en Madrid del <s>27 al 29 de enero<\/s> 31 de marzo al 2 de abril de 2022, dando as\u00ed continuidad a las que tuvieron lugar hace dos a\u00f1os sobre \u201cLa misi\u00f3n en la sociedad secularizada\u201d.\u00a0Esta iniciativa quiere servir de cauce para estudiar y difundir la figura y la obra de don Giussani (1922-2005), profundizando en esta ocasi\u00f3n en el impacto educativo que ha tenido la vida de la Iglesia y de la sociedad durante el \u00faltimo medio siglo.Conscientes del debilitamiento del sentido de pertenencia al Misterio de la Iglesia que afecta tambi\u00e9n al mundo cat\u00f3lico, hemos querido abordar esta situaci\u00f3n con el t\u00edtulo general de \u201cSentire cum Ecclesia\u201d (en el 500 aniversario de la conversi\u00f3n de san Ignacio) y el subt\u00edtulo de \u201cCuatro papas en la vida y la obra de don Luigi Giussani\u201d, con el \u00e1nimo de descubrir la fuerte eclesialidad cat\u00f3lica (universal) del carisma de don Giussani. Esperamos que resulte un buen servicio a la fe cristiana en Espa\u00f1a y el mundo hisp\u00e1nico.<\/p>\n\n\n\n<blockquote class=\"wp-block-quote has-text-align-right is-layout-flow wp-block-quote-is-layout-flow\"><p>\u00abMons. Giussani es uno de esos dones imprevisibles que el Se\u00f1or ha regalado a nuestra Iglesia despu\u00e9s del Concilio, haciendo nacer, m\u00e1s all\u00e1 de todas las estructuras y programaciones pastorales, un florecimiento de personas y movimientos que est\u00e1n brindando milagros de vida nueva dentro de la Iglesia\u00bb <\/p><cite> Jorge Bergoglio <\/cite><\/blockquote>\n\n\n<p><!--EndFragment--><\/p>","protected":false},"excerpt":{"rendered":"<p>AVISO Debido a la situaci\u00f3n sanitaria, las jornadas se posponen al 31 de marzo &#8211; 2 de abril de 2022 Las II Jornadas internacionales de estudio sobre Luigi Giussani se celebrar\u00e1n en Madrid del 27 al 29 de enero 31 de marzo al 2 de abril de 2022, dando as\u00ed continuidad a las que tuvieron [&hellip;]<\/p>\n","protected":false},"author":2,"featured_media":0,"parent":0,"menu_order":0,"comment_status":"closed","ping_status":"closed","template":"","meta":{"footnotes":""},"class_list":["post-470","page","type-page","status-publish","hentry"],"_links":{"self":[{"href":"https:\/\/jornadasgiussani.org\/index.php\/wp-json\/wp\/v2\/pages\/470","targetHints":{"allow":["GET"]}}],"collection":[{"href":"https:\/\/jornadasgiussani.org\/index.php\/wp-json\/wp\/v2\/pages"}],"about":[{"href":"https:\/\/jornadasgiussani.org\/index.php\/wp-json\/wp\/v2\/types\/page"}],"author":[{"embeddable":true,"href":"https:\/\/jornadasgiussani.org\/index.php\/wp-json\/wp\/v2\/users\/2"}],"replies":[{"embeddable":true,"href":"https:\/\/jornadasgiussani.org\/index.php\/wp-json\/wp\/v2\/comments?post=470"}],"version-history":[{"count":5,"href":"https:\/\/jornadasgiussani.org\/index.php\/wp-json\/wp\/v2\/pages\/470\/revisions"}],"predecessor-version":[{"id":887,"href":"https:\/\/jornadasgiussani.org\/index.php\/wp-json\/wp\/v2\/pages\/470\/revisions\/887"}],"wp:attachment":[{"href":"https:\/\/jornadasgiussani.org\/index.php\/wp-json\/wp\/v2\/media?parent=470"}],"curies":[{"name":"wp","href":"https:\/\/api.w.org\/{rel}","templated":true}]}}

<figure class="wp-block-pullquote"><blockquote><p>AVISO</p><cite>Debido a la situación sanitaria, las jornadas se posponen al 31 de marzo &#8211; 2 de abril de 2022</cite></blockquote></figure>



<p>Las II Jornadas internacionales de estudio sobre Luigi Giussani se celebrarán en Madrid del <s>27 al 29 de enero</s> 31 de marzo al 2 de abril de 2022, dando así continuidad a las que tuvieron lugar hace dos años sobre “La misión en la sociedad secularizada”. Esta iniciativa quiere servir de cauce para estudiar y difundir la figura y la obra de don Giussani (1922-2005), profundizando en esta ocasión en el impacto educativo que ha tenido la vida de la Iglesia y de la sociedad durante el último medio siglo.Conscientes del debilitamiento del sentido de pertenencia al Misterio de la Iglesia que afecta también al mundo católico, hemos querido abordar esta situación con el título general de “Sentire cum Ecclesia” (en el 500 aniversario de la conversión de san Ignacio) y el subtítulo de “Cuatro papas en la vida y la obra de don Luigi Giussani”, con el ánimo de descubrir la fuerte eclesialidad católica (universal) del carisma de don Giussani. Esperamos que resulte un buen servicio a la fe cristiana en España y el mundo hispánico.</p>



<blockquote class="wp-block-quote has-text-align-right is-layout-flow wp-block-quote-is-layout-flow"><p>«Mons. Giussani es uno de esos dones imprevisibles que el Señor ha regalado a nuestra Iglesia después del Concilio, haciendo nacer, más allá de todas las estructuras y programaciones pastorales, un florecimiento de personas y movimientos que están brindando milagros de vida nueva dentro de la Iglesia» </p><cite> Jorge Bergoglio </cite></blockquote>


<p><!--EndFragment--></p>

<p>AVISO Debido a la situación sanitaria, las jornadas se posponen al 31 de marzo &#8211; 2 de abril de 2022 Las II Jornadas internacionales de estudio sobre Luigi Giussani se celebrarán en Madrid del 27 al 29 de enero 31 de marzo al 2 de abril de 2022, dando así continuidad a las que tuvieron [&hellip;]</p>
