{"id":333,"date":"2019-10-21T11:01:19","date_gmt":"2019-10-21T09:01:19","guid":{"rendered":"https:\/\/jornadasgiussani.org\/?page_id=333"},"modified":"2022-03-31T08:52:13","modified_gmt":"2022-03-31T06:52:13","slug":"asistencia","status":"publish","type":"page","link":"https:\/\/jornadasgiussani.org\/index.php\/asistencia\/","title":{"rendered":"Asistentes"},"content":{"rendered":"\n<div class=\"wp-block-group\"><div class=\"wp-block-group__inner-container is-layout-flow wp-block-group-is-layout-flow\"><\/div><\/div>\n\n\n\n<p>La inscripci\u00f3n para las II Jornadas Internacionales de Estudio sobre Luigi Giussani ya est\u00e1n cerradas. Los no inscritos podr\u00e1n acceder a las ponencias y comunicaciones de las jornadas una vez acomodados los inscritos.<\/p>\n\n\n\n<p><s>Para inscribirse como asistente en las Jornadas, debe rellenarse el formulario en esta p\u00e1gina, o en este enlace.<\/s> Existen dos modalidades de inscripci\u00f3n:<\/p>\n\n\n\n<ul class=\"wp-block-list\"><li>Sin certificado de asistencia: gratuita.<\/li><li>Con certificado de asistencia: 20\u20ac, que se abonar\u00e1n el primer d\u00eda de las jornadas.<\/li><\/ul>\n","protected":false},"excerpt":{"rendered":"<p>Para participar en las jornadas, con o sin certificado de asistencia, es necesaria la inscripci\u00f3n<\/p>\n","protected":false},"author":2,"featured_media":0,"parent":0,"menu_order":0,"comment_status":"closed","ping_status":"closed","template":"","meta":{"footnotes":""},"class_list":["post-333","page","type-page","status-publish","hentry"],"_links":{"self":[{"href":"https:\/\/jornadasgiussani.org\/index.php\/wp-json\/wp\/v2\/pages\/333","targetHints":{"allow":["GET"]}}],"collection":[{"href":"https:\/\/jornadasgiussani.org\/index.php\/wp-json\/wp\/v2\/pages"}],"about":[{"href":"https:\/\/jornadasgiussani.org\/index.php\/wp-json\/wp\/v2\/types\/page"}],"author":[{"embeddable":true,"href":"https:\/\/jornadasgiussani.org\/index.php\/wp-json\/wp\/v2\/users\/2"}],"replies":[{"embeddable":true,"href":"https:\/\/jornadasgiussani.org\/index.php\/wp-json\/wp\/v2\/comments?post=333"}],"version-history":[{"count":23,"href":"https:\/\/jornadasgiussani.org\/index.php\/wp-json\/wp\/v2\/pages\/333\/revisions"}],"predecessor-version":[{"id":996,"href":"https:\/\/jornadasgiussani.org\/index.php\/wp-json\/wp\/v2\/pages\/333\/revisions\/996"}],"wp:attachment":[{"href":"https:\/\/jornadasgiussani.org\/index.php\/wp-json\/wp\/v2\/media?parent=333"}],"curies":[{"name":"wp","href":"https:\/\/api.w.org\/{rel}","templated":true}]}}