{"id":322,"date":"2019-10-21T10:40:43","date_gmt":"2019-10-21T08:40:43","guid":{"rendered":"https:\/\/jornadasgiussani.org\/?page_id=322"},"modified":"2019-12-17T17:11:03","modified_gmt":"2019-12-17T16:11:03","slug":"luigi-giussani","status":"publish","type":"page","link":"https:\/\/jornadasgiussani.org\/index.php\/luigi-giussani\/","title":{"rendered":"Luigi Giussani"},"content":{"rendered":"\n<p> <\/p>\n\n\n\n<p>Luigi Giussani (1922-2005), sacerdote milan\u00e9s, es el fundador del movimiento eclesial Comuni\u00f3n y Liberaci\u00f3n. Cursa sus estudios en la Facultad de Teolog\u00eda de Venegono, donde ser\u00e1 profesor durante algunos a\u00f1os. En los a\u00f1os cincuenta abandona la ense\u00f1anza en el seminario para dar clases en un instituto de ense\u00f1anza media de Mil\u00e1n, el Liceo Berchet, donde permanecer\u00e1 hasta 1967. Desde 1964 hasta 1990 ense\u00f1a&nbsp;<em>Introducci\u00f3n a la Teolog\u00eda<\/em>&nbsp;en la Universidad Cat\u00f3lica del Sacro Cuore de Mil\u00e1n.<\/p>\n\n\n\n<p>Educador infatigable, Giussani public\u00f3 en el transcurso de su vida numerosos ensayos, pues como \u00e9l mismo dijo, \u00abs\u00f3lo a trav\u00e9s de la educaci\u00f3n se construye un pueblo como conciencia unitaria y como civilizaci\u00f3n\u00bb. En particular quiso mostrar \u00abla razonabilidad y utilidad para el hombre moderno de esa respuesta al drama de la existencia que lleva por nombre \u2018acontecimiento cristiano\u2019\u00bb, ofreciendo dicha respuesta \u00abcomo sincera contribuci\u00f3n para una verdadera liberaci\u00f3n de los j\u00f3venes y de los adultos\u00bb.<\/p>\n\n\n\n<p>Como reconocimiento a su labor, en 1995 recibi\u00f3 el Premio Nacional para la Cultura Cat\u00f3lica y, en diciembre de 1997, su libro\u00a0<em>El sentido religioso\u00a0<\/em>fue presentado en la ONU. Falleci\u00f3 en Mil\u00e1n el 22 de febrero de 2005. Siete a\u00f1os despu\u00e9s, el 22 de febrero de 2012, se presenta la petici\u00f3n de apertura de su causa de beatificaci\u00f3n y canonizaci\u00f3n, que es aceptada por el Arzobispo de Mil\u00e1n.<\/p>\n\n\n\n<h3 class=\"wp-block-heading\">Enlaces<\/h3>\n\n\n\n<ul class=\"wp-block-list\"><li>Exposici\u00f3n \u00ab<a href=\"https:\/\/espanol.clonline.org\/cm-files\/2017\/09\/14\/de-mi-vida-a-la-vuestra.pdf\">De mi vida a la vuestra<\/a>\u00ab, realizada en el X aniversario del fallecimiento de Giussani, que presenta, en pocos paneles, los rasgos fundamentales de su figura, con im\u00e1genes y textos claves de su vida.<\/li><li><a href=\"https:\/\/www.edicionesencuentro.com\/libros\/?bautor=luigi+giussani\">Bibliograf\u00eda <\/a>de Luigi Giussani en espa\u00f1ol editada por Ediciones Encuentro.<\/li><li><a href=\"https:\/\/espanol.clonline.org\/publicaciones\/video-dvd\/video-youtube\/presentaci%C3%B3n-de-la-biograf%C3%ADa-luigi-giussani-su-vida-en-madrid\">Presentaci\u00f3n de la biograf\u00eda <em>Luigi Giussani. Su vida<\/em><\/a> en Madrid, con el autor Alberto Savorana, el soci\u00f3logo V\u00edctor P\u00e9rez-D\u00edaz y el arquitecto Alberto Campo Baeza, 18 de febrero de 2016.<\/li><\/ul>\n\n\n\n<p><\/p>\n","protected":false},"excerpt":{"rendered":"<p>Luigi Giussani (1922-2005), sacerdote milan\u00e9s, es el fundador del movimiento eclesial Comuni\u00f3n y Liberaci\u00f3n. Cursa sus estudios en la Facultad de Teolog\u00eda de Venegono, donde ser\u00e1 profesor durante algunos a\u00f1os. En los a\u00f1os cincuenta abandona la ense\u00f1anza en el seminario para dar clases en un instituto de ense\u00f1anza media de Mil\u00e1n, el Liceo Berchet, donde [&hellip;]<\/p>\n","protected":false},"author":2,"featured_media":315,"parent":0,"menu_order":0,"comment_status":"closed","ping_status":"closed","template":"","meta":{"footnotes":""},"class_list":["post-322","page","type-page","status-publish","has-post-thumbnail","hentry"],"_links":{"self":[{"href":"https:\/\/jornadasgiussani.org\/index.php\/wp-json\/wp\/v2\/pages\/322","targetHints":{"allow":["GET"]}}],"collection":[{"href":"https:\/\/jornadasgiussani.org\/index.php\/wp-json\/wp\/v2\/pages"}],"about":[{"href":"https:\/\/jornadasgiussani.org\/index.php\/wp-json\/wp\/v2\/types\/page"}],"author":[{"embeddable":true,"href":"https:\/\/jornadasgiussani.org\/index.php\/wp-json\/wp\/v2\/users\/2"}],"replies":[{"embeddable":true,"href":"https:\/\/jornadasgiussani.org\/index.php\/wp-json\/wp\/v2\/comments?post=322"}],"version-history":[{"count":6,"href":"https:\/\/jornadasgiussani.org\/index.php\/wp-json\/wp\/v2\/pages\/322\/revisions"}],"predecessor-version":[{"id":628,"href":"https:\/\/jornadasgiussani.org\/index.php\/wp-json\/wp\/v2\/pages\/322\/revisions\/628"}],"wp:featuredmedia":[{"embeddable":true,"href":"https:\/\/jornadasgiussani.org\/index.php\/wp-json\/wp\/v2\/media\/315"}],"wp:attachment":[{"href":"https:\/\/jornadasgiussani.org\/index.php\/wp-json\/wp\/v2\/media?parent=322"}],"curies":[{"name":"wp","href":"https:\/\/api.w.org\/{rel}","templated":true}]}}